{"id":10,"date":"2023-11-17T16:08:17","date_gmt":"2023-11-17T15:08:17","guid":{"rendered":"https:\/\/resuelvetucontrato.com\/?page_id=10"},"modified":"2026-04-09T22:27:23","modified_gmt":"2026-04-09T20:27:23","slug":"resuelve-tu-contrato","status":"publish","type":"page","link":"https:\/\/resuelvetucontrato.com\/index.php\/resuelve-tu-contrato\/","title":{"rendered":"Resuelve Tu contrato"},"content":{"rendered":"<h2>Ayudamos a poner t\u00e9rmino a tu&nbsp;Contrato<\/h2>\n<p>Si no puedes continuar con la compra de la propiedad que promesaste, te ayudamos a recuperar el dinero que invertiste en el pago del pie inicial.<\/p>\n<p>\t\t\t\t\t<a href=\"https:\/\/api.whatsapp.com\/send?phone=56965696514\"><br \/>\n\t\t\t\t\t\t\t\t\tcont\u00e1ctanos<br \/>\n\t\t\t\t\t<\/a><br \/>\n\t\t\t\t\t\t\t\t\t\t\t\t\t\t\t<img fetchpriority=\"high\" decoding=\"async\" width=\"800\" height=\"800\" src=\"https:\/\/resuelvetucontrato.com\/wp-content\/uploads\/2024\/04\/rtc-1-1536x1536.png\" alt=\"\" srcset=\"https:\/\/resuelvetucontrato.com\/wp-content\/uploads\/2024\/04\/rtc-1-1536x1536.png 1536w, https:\/\/resuelvetucontrato.com\/wp-content\/uploads\/2024\/04\/rtc-1-300x300.png 300w, https:\/\/resuelvetucontrato.com\/wp-content\/uploads\/2024\/04\/rtc-1-1024x1024.png 1024w, https:\/\/resuelvetucontrato.com\/wp-content\/uploads\/2024\/04\/rtc-1-150x150.png 150w, https:\/\/resuelvetucontrato.com\/wp-content\/uploads\/2024\/04\/rtc-1-768x768.png 768w, https:\/\/resuelvetucontrato.com\/wp-content\/uploads\/2024\/04\/elementor\/thumbs\/rtc-1-qn55wevjrvhmpk3zm81376opyauelnwz55de29jxp0.png 1w, https:\/\/resuelvetucontrato.com\/wp-content\/uploads\/2024\/04\/rtc-1.png 1750w\" sizes=\"(max-width: 800px) 100vw, 800px\" \/>\t\t\t\t\t\t\t\t\t\t\t\t\t\t\t<\/p>\n<p>recupera tu dinero invertido en el pie<\/p>\n<h2>\u00bfEn qu\u00e9 casos califico para resciliar mi contrato?<\/h2>\n<h3>\n\t\t\t\t\t\tRechazo de Cr\u00e9dito\t\t\t\t\t<\/h3>\n<p>\t\t\t\t\t\tSi enfrentaste dificultades para obtener financiamiento o si las circunstancias han cambiado desde que hiciste la promesa, tienes la oportunidad de recuperar tu inversi\u00f3n.\t\t\t\t\t<\/p>\n<h3>\n\t\t\t\t\t\tCesant\u00eda\t\t\t\t\t<\/h3>\n<p>\t\t\t\t\t\tSi te encuentras sin trabajo o tus circunstancias laborales han cambiado, resultando en una reducci\u00f3n de tus ingresos, podemos ayudarte\t\t\t\t\t<\/p>\n<h3>\n\t\t\t\t\t\tEnfermedad\t\t\t\t\t<\/h3>\n<p>\t\t\t\t\t\tSi has experimentado o est\u00e1s experimentando una enfermedad personal o en tu familia que ha afectado tus ingresos, estamos aqu\u00ed para ayudarte\t\t\t\t\t<\/p>\n<h3>\n\t\t\t\t\t\tIncumplimiento Inmobiliaria\t\t\t\t\t<\/h3>\n<p>\t\t\t\t\t\tSi la inmobiliaria ha postergado la entrega del proyecto, incumpliendo las fechas o condiciones del contrato, podemos ayudarte\t\t\t\t\t<\/p>\n<p>Nuestros logros<\/p>\n<h2>\u00bfPor qu\u00e9 elegirnos?<\/h2>\n<h3>\n\t\t\t\t\t\t\tNegociaci\u00f3n<br \/>\n\t\t\t\t\t<\/h3>\n<p>\n\t\t\t\t\t\tEstamos en negociaci\u00f3n con m\u00e1s de 50 inmobiliarias en todo Chile y mensualmente se incorporan nuevos casos\t\t\t\t\t<\/p>\n<h3>\n\t\t\t\t\t\t\tAgilidad<br \/>\n\t\t\t\t\t<\/h3>\n<p>\n\t\t\t\t\t\tNuestro proceso de resoluci\u00f3n del caso, hasta la restituci\u00f3n del dinero por parte de la inmobiliaria, toma aproximadamente 120 d\u00edas.\t\t\t\t\t<\/p>\n<p>\t\t\t\t\t\t\t\t\t\t\t\t\t\t\t<img decoding=\"async\" width=\"800\" height=\"800\" src=\"https:\/\/resuelvetucontrato.com\/wp-content\/uploads\/2024\/04\/rtc-1-1024x1024.png\" alt=\"\" srcset=\"https:\/\/resuelvetucontrato.com\/wp-content\/uploads\/2024\/04\/rtc-1-1024x1024.png 1024w, https:\/\/resuelvetucontrato.com\/wp-content\/uploads\/2024\/04\/rtc-1-300x300.png 300w, https:\/\/resuelvetucontrato.com\/wp-content\/uploads\/2024\/04\/rtc-1-150x150.png 150w, https:\/\/resuelvetucontrato.com\/wp-content\/uploads\/2024\/04\/rtc-1-768x768.png 768w, https:\/\/resuelvetucontrato.com\/wp-content\/uploads\/2024\/04\/rtc-1-1536x1536.png 1536w, https:\/\/resuelvetucontrato.com\/wp-content\/uploads\/2024\/04\/elementor\/thumbs\/rtc-1-qn55wevjrvhmpk3zm81376opyauelnwz55de29jxp0.png 1w, https:\/\/resuelvetucontrato.com\/wp-content\/uploads\/2024\/04\/rtc-1.png 1750w\" sizes=\"(max-width: 800px) 100vw, 800px\" \/>\t\t\t\t\t\t\t\t\t\t\t\t\t\t\t<\/p>\n<h3>\n\t\t\t\t\t\t\tAsistencia<br \/>\n\t\t\t\t\t<\/h3>\n<p>\n\t\t\t\t\t\tHemos ayudado a m\u00e1s de 100 personas a recuperar su dinero y actualmente atendemos a aproximadamente 40 clientes nuevos cada mes\t\t\t\t\t<\/p>\n<h3>\n\t\t\t\t\t\t\t\u00c9xito<br \/>\n\t\t\t\t\t<\/h3>\n<p>\n\t\t\t\t\t\tLa tasa de recuperaci\u00f3n del dinero invertido en el pie puede variar seg\u00fan el caso, oscilando entre un 80% y un 100% del monto invertido.\t\t\t\t\t<\/p>\n<p>\t\t\t\t\t\t\t<svg aria-hidden=\"true\" viewBox=\"0 0 1000 1000\" xmlns=\"http:\/\/www.w3.org\/2000\/svg\"><path d=\"M646 125C629 125 613 133 604 142L308 442C296 454 292 471 292 487 292 504 296 521 308 533L604 854C617 867 629 875 646 875 663 875 679 871 692 858 704 846 713 829 713 812 713 796 708 779 692 767L438 487 692 225C700 217 708 204 708 187 708 171 704 154 692 142 675 129 663 125 646 125Z\"><\/path><\/svg>\t\t\t\t\t\t\tPrevious<br \/>\n\t\t\t\t\t\t\t<svg aria-hidden=\"true\" viewBox=\"0 0 1000 1000\" xmlns=\"http:\/\/www.w3.org\/2000\/svg\"><path d=\"M696 533C708 521 713 504 713 487 713 471 708 454 696 446L400 146C388 133 375 125 354 125 338 125 325 129 313 142 300 154 292 171 292 187 292 204 296 221 308 233L563 492 304 771C292 783 288 800 288 817 288 833 296 850 308 863 321 871 338 875 354 875 371 875 388 867 400 854L696 533Z\"><\/path><\/svg>\t\t\t\t\t\t\tNext<\/p>\n<h3>\n\t\t\t\t\t\t\tCont\u00e1ctanos<br \/>\n\t\t\t\t\t<\/h3>\n<h3>\n\t\t\t\t\t\t\tVisitanos<br \/>\n\t\t\t\t\t<\/h3>\n<p>\n\t\t\t\t\t\tAv. Vitacura 2736 piso 4<br \/>Las Condes\t\t\t\t\t<\/p>\n<p>\t\t\t<iframe loading=\"lazy\"\n\t\t\t\t\tsrc=\"https:\/\/maps.google.com\/maps?q=Av.%20Apoquindo%204501&#038;t=m&#038;z=15&#038;output=embed&#038;iwloc=near\"\n\t\t\t\t\ttitle=\"Av. Apoquindo 4501\"\n\t\t\t\t\taria-label=\"Av. Apoquindo 4501\"\n\t\t\t><\/iframe><\/p>\n<h3>\n\t\t\t\t\t\t\tEmail<br \/>\n\t\t\t\t\t<\/h3>\n<p>\n\t\t\t\t\t\tcontacto@resuelvetucontrato.com\t\t\t\t\t<\/p>\n<h3>\n\t\t\t\t\t\t\tTel\u00e9fono<br \/>\n\t\t\t\t\t<\/h3>\n<p>\n\t\t\t\t\t\t+56 9 6569 6514\t\t\t\t\t<\/p>\n<p>\t\t\t\t\t<a href=\"https:\/\/www.instagram.com\/resuelvetucontrato\/\" target=\"_blank\"><br \/>\n\t\t\t\t\t\tInstagram<br \/>\n\t\t\t\t\t\t<svg aria-hidden=\"true\" viewBox=\"0 0 448 512\" xmlns=\"http:\/\/www.w3.org\/2000\/svg\"><path d=\"M224.1 141c-63.6 0-114.9 51.3-114.9 114.9s51.3 114.9 114.9 114.9S339 319.5 339 255.9 287.7 141 224.1 141zm0 189.6c-41.1 0-74.7-33.5-74.7-74.7s33.5-74.7 74.7-74.7 74.7 33.5 74.7 74.7-33.6 74.7-74.7 74.7zm146.4-194.3c0 14.9-12 26.8-26.8 26.8-14.9 0-26.8-12-26.8-26.8s12-26.8 26.8-26.8 26.8 12 26.8 26.8zm76.1 27.2c-1.7-35.9-9.9-67.7-36.2-93.9-26.2-26.2-58-34.4-93.9-36.2-37-2.1-147.9-2.1-184.9 0-35.8 1.7-67.6 9.9-93.9 36.1s-34.4 58-36.2 93.9c-2.1 37-2.1 147.9 0 184.9 1.7 35.9 9.9 67.7 36.2 93.9s58 34.4 93.9 36.2c37 2.1 147.9 2.1 184.9 0 35.9-1.7 67.7-9.9 93.9-36.2 26.2-26.2 34.4-58 36.2-93.9 2.1-37 2.1-147.8 0-184.8zM398.8 388c-7.8 19.6-22.9 34.7-42.6 42.6-29.5 11.7-99.5 9-132.1 9s-102.7 2.6-132.1-9c-19.6-7.8-34.7-22.9-42.6-42.6-11.7-29.5-9-99.5-9-132.1s-2.6-102.7 9-132.1c7.8-19.6 22.9-34.7 42.6-42.6 29.5-11.7 99.5-9 132.1-9s102.7-2.6 132.1 9c19.6 7.8 34.7 22.9 42.6 42.6 11.7 29.5 9 99.5 9 132.1s2.7 102.7-9 132.1z\"><\/path><\/svg>\t\t\t\t\t<\/a><br \/>\n\t\t\t\t\t<a href=\"https:\/\/www.facebook.com\/resuelvetucontrato\/\" target=\"_blank\"><br \/>\n\t\t\t\t\t\tFacebook<br \/>\n\t\t\t\t\t\t<svg aria-hidden=\"true\" viewBox=\"0 0 512 512\" xmlns=\"http:\/\/www.w3.org\/2000\/svg\"><path d=\"M504 256C504 119 393 8 256 8S8 119 8 256c0 123.78 90.69 226.38 209.25 245V327.69h-63V256h63v-54.64c0-62.15 37-96.48 93.67-96.48 27.14 0 55.52 4.84 55.52 4.84v61h-31.28c-30.8 0-40.41 19.12-40.41 38.73V256h68.78l-11 71.69h-57.78V501C413.31 482.38 504 379.78 504 256z\"><\/path><\/svg>\t\t\t\t\t<\/a><br \/>\n\t\t\t\t\t<a href=\"https:\/\/api.whatsapp.com\/send?phone=56965696514\" target=\"_blank\"><br \/>\n\t\t\t\t\t\tWhatsapp<br \/>\n\t\t\t\t\t\t<svg aria-hidden=\"true\" viewBox=\"0 0 448 512\" xmlns=\"http:\/\/www.w3.org\/2000\/svg\"><path d=\"M380.9 97.1C339 55.1 283.2 32 223.9 32c-122.4 0-222 99.6-222 222 0 39.1 10.2 77.3 29.6 111L0 480l117.7-30.9c32.4 17.7 68.9 27 106.1 27h.1c122.3 0 224.1-99.6 224.1-222 0-59.3-25.2-115-67.1-157zm-157 341.6c-33.2 0-65.7-8.9-94-25.7l-6.7-4-69.8 18.3L72 359.2l-4.4-7c-18.5-29.4-28.2-63.3-28.2-98.2 0-101.7 82.8-184.5 184.6-184.5 49.3 0 95.6 19.2 130.4 54.1 34.8 34.9 56.2 81.2 56.1 130.5 0 101.8-84.9 184.6-186.6 184.6zm101.2-138.2c-5.5-2.8-32.8-16.2-37.9-18-5.1-1.9-8.8-2.8-12.5 2.8-3.7 5.6-14.3 18-17.6 21.8-3.2 3.7-6.5 4.2-12 1.4-32.6-16.3-54-29.1-75.5-66-5.7-9.8 5.7-9.1 16.3-30.3 1.8-3.7.9-6.9-.5-9.7-1.4-2.8-12.5-30.1-17.1-41.2-4.5-10.8-9.1-9.3-12.5-9.5-3.2-.2-6.9-.2-10.6-.2-3.7 0-9.7 1.4-14.8 6.9-5.1 5.6-19.4 19-19.4 46.3 0 27.3 19.9 53.7 22.6 57.4 2.8 3.7 39.1 59.7 94.8 83.8 35.2 15.2 49 16.5 66.6 13.9 10.7-1.6 32.8-13.4 37.4-26.4 4.6-13 4.6-24.1 3.2-26.4-1.3-2.5-5-3.9-10.5-6.6z\"><\/path><\/svg>\t\t\t\t\t<\/a><\/p>\n<h2>Completa el Formulario<\/h2>\n\n\n<p><\/p>\n","protected":false},"excerpt":{"rendered":"<p>Ayudamos a poner t\u00e9rmino a tu&nbsp;Contrato Si no puedes continuar con la compra de la propiedad que promesaste, te ayudamos a recuperar el dinero que invertiste en el pago del pie inicial. cont\u00e1ctanos recupera tu dinero invertido en el pie \u00bfEn qu\u00e9 casos califico para resciliar mi contrato? Rechazo de Cr\u00e9dito Si enfrentaste dificultades para [&hellip;]<\/p>\n","protected":false},"author":1,"featured_media":0,"parent":0,"menu_order":0,"comment_status":"closed","ping_status":"closed","template":"elementor_canvas","meta":{"_joinchat":[],"footnotes":""},"class_list":["post-10","page","type-page","status-publish","hentry"],"yoast_head":"<!-- This site is optimized with the Yoast SEO plugin v21.6 - https:\/\/yoast.com\/wordpress\/plugins\/seo\/ -->\n<title>Resuelve Tu contrato - Te ayudamos a recuperar el pie invertido<\/title>\n<meta name=\"description\" content=\"En Resuelve tu contrato te ayudamos recuperar el m\u00e1ximo porcentaje de dinero abonado como pie y poner fin a tu contrato de compraventa.\" \/>\n<meta name=\"robots\" content=\"index, follow, max-snippet:-1, max-image-preview:large, max-video-preview:-1\" \/>\n<link rel=\"canonical\" href=\"https:\/\/resuelvetucontrato.com\/index.php\/resuelve-tu-contrato\/\" \/>\n<meta property=\"og:locale\" content=\"es_ES\" \/>\n<meta property=\"og:type\" content=\"article\" \/>\n<meta property=\"og:title\" content=\"Resuelve Tu contrato - Te ayudamos a recuperar el pie invertido\" \/>\n<meta property=\"og:description\" content=\"En Resuelve tu contrato te ayudamos recuperar el m\u00e1ximo porcentaje de dinero abonado como pie y poner fin a tu contrato de compraventa.\" \/>\n<meta property=\"og:url\" content=\"https:\/\/resuelvetucontrato.com\/index.php\/resuelve-tu-contrato\/\" \/>\n<meta property=\"og:site_name\" content=\"Resuelve tu contrato\" \/>\n<meta property=\"article:modified_time\" content=\"2026-04-09T20:27:23+00:00\" \/>\n<meta property=\"og:image\" content=\"https:\/\/resuelvetucontrato.com\/wp-content\/uploads\/2024\/04\/rtc-1-1536x1536.png\" \/>\n<meta name=\"twitter:card\" content=\"summary_large_image\" \/>\n<meta name=\"twitter:label1\" content=\"Tiempo de lectura\" \/>\n\t<meta name=\"twitter:data1\" content=\"2 minutos\" \/>\n<script type=\"application\/ld+json\" class=\"yoast-schema-graph\">{\"@context\":\"https:\/\/schema.org\",\"@graph\":[{\"@type\":\"WebPage\",\"@id\":\"https:\/\/resuelvetucontrato.com\/index.php\/resuelve-tu-contrato\/\",\"url\":\"https:\/\/resuelvetucontrato.com\/index.php\/resuelve-tu-contrato\/\",\"name\":\"Resuelve Tu contrato - Te ayudamos a recuperar el pie invertido\",\"isPartOf\":{\"@id\":\"https:\/\/resuelvetucontrato.com\/#website\"},\"datePublished\":\"2023-11-17T15:08:17+00:00\",\"dateModified\":\"2026-04-09T20:27:23+00:00\",\"description\":\"En Resuelve tu contrato te ayudamos recuperar el m\u00e1ximo porcentaje de dinero abonado como pie y poner fin a tu contrato de compraventa.\",\"breadcrumb\":{\"@id\":\"https:\/\/resuelvetucontrato.com\/index.php\/resuelve-tu-contrato\/#breadcrumb\"},\"inLanguage\":\"es\",\"potentialAction\":[{\"@type\":\"ReadAction\",\"target\":[\"https:\/\/resuelvetucontrato.com\/index.php\/resuelve-tu-contrato\/\"]}]},{\"@type\":\"BreadcrumbList\",\"@id\":\"https:\/\/resuelvetucontrato.com\/index.php\/resuelve-tu-contrato\/#breadcrumb\",\"itemListElement\":[{\"@type\":\"ListItem\",\"position\":1,\"name\":\"Home\",\"item\":\"https:\/\/resuelvetucontrato.com\/\"},{\"@type\":\"ListItem\",\"position\":2,\"name\":\"Resuelve Tu contrato\"}]},{\"@type\":\"WebSite\",\"@id\":\"https:\/\/resuelvetucontrato.com\/#website\",\"url\":\"https:\/\/resuelvetucontrato.com\/\",\"name\":\"Resuelve tu contrato\",\"description\":\"\",\"publisher\":{\"@id\":\"https:\/\/resuelvetucontrato.com\/#organization\"},\"potentialAction\":[{\"@type\":\"SearchAction\",\"target\":{\"@type\":\"EntryPoint\",\"urlTemplate\":\"https:\/\/resuelvetucontrato.com\/?s={search_term_string}\"},\"query-input\":\"required name=search_term_string\"}],\"inLanguage\":\"es\"},{\"@type\":\"Organization\",\"@id\":\"https:\/\/resuelvetucontrato.com\/#organization\",\"name\":\"Resuelve tu contrato\",\"url\":\"https:\/\/resuelvetucontrato.com\/\",\"logo\":{\"@type\":\"ImageObject\",\"inLanguage\":\"es\",\"@id\":\"https:\/\/resuelvetucontrato.com\/#\/schema\/logo\/image\/\",\"url\":\"https:\/\/resuelvetucontrato.com\/wp-content\/uploads\/2023\/11\/LOGO-COLORES-1.png\",\"contentUrl\":\"https:\/\/resuelvetucontrato.com\/wp-content\/uploads\/2023\/11\/LOGO-COLORES-1.png\",\"width\":1000,\"height\":1000,\"caption\":\"Resuelve tu contrato\"},\"image\":{\"@id\":\"https:\/\/resuelvetucontrato.com\/#\/schema\/logo\/image\/\"}}]}<\/script>\n<!-- \/ Yoast SEO plugin. -->","yoast_head_json":{"title":"Resuelve Tu contrato - Te ayudamos a recuperar el pie invertido","description":"En Resuelve tu contrato te ayudamos recuperar el m\u00e1ximo porcentaje de dinero abonado como pie y poner fin a tu contrato de compraventa.","robots":{"index":"index","follow":"follow","max-snippet":"max-snippet:-1","max-image-preview":"max-image-preview:large","max-video-preview":"max-video-preview:-1"},"canonical":"https:\/\/resuelvetucontrato.com\/index.php\/resuelve-tu-contrato\/","og_locale":"es_ES","og_type":"article","og_title":"Resuelve Tu contrato - Te ayudamos a recuperar el pie invertido","og_description":"En Resuelve tu contrato te ayudamos recuperar el m\u00e1ximo porcentaje de dinero abonado como pie y poner fin a tu contrato de compraventa.","og_url":"https:\/\/resuelvetucontrato.com\/index.php\/resuelve-tu-contrato\/","og_site_name":"Resuelve tu contrato","article_modified_time":"2026-04-09T20:27:23+00:00","og_image":[{"url":"https:\/\/resuelvetucontrato.com\/wp-content\/uploads\/2024\/04\/rtc-1-1536x1536.png"}],"twitter_card":"summary_large_image","twitter_misc":{"Tiempo de lectura":"2 minutos"},"schema":{"@context":"https:\/\/schema.org","@graph":[{"@type":"WebPage","@id":"https:\/\/resuelvetucontrato.com\/index.php\/resuelve-tu-contrato\/","url":"https:\/\/resuelvetucontrato.com\/index.php\/resuelve-tu-contrato\/","name":"Resuelve Tu contrato - Te ayudamos a recuperar el pie invertido","isPartOf":{"@id":"https:\/\/resuelvetucontrato.com\/#website"},"datePublished":"2023-11-17T15:08:17+00:00","dateModified":"2026-04-09T20:27:23+00:00","description":"En Resuelve tu contrato te ayudamos recuperar el m\u00e1ximo porcentaje de dinero abonado como pie y poner fin a tu contrato de compraventa.","breadcrumb":{"@id":"https:\/\/resuelvetucontrato.com\/index.php\/resuelve-tu-contrato\/#breadcrumb"},"inLanguage":"es","potentialAction":[{"@type":"ReadAction","target":["https:\/\/resuelvetucontrato.com\/index.php\/resuelve-tu-contrato\/"]}]},{"@type":"BreadcrumbList","@id":"https:\/\/resuelvetucontrato.com\/index.php\/resuelve-tu-contrato\/#breadcrumb","itemListElement":[{"@type":"ListItem","position":1,"name":"Home","item":"https:\/\/resuelvetucontrato.com\/"},{"@type":"ListItem","position":2,"name":"Resuelve Tu contrato"}]},{"@type":"WebSite","@id":"https:\/\/resuelvetucontrato.com\/#website","url":"https:\/\/resuelvetucontrato.com\/","name":"Resuelve tu contrato","description":"","publisher":{"@id":"https:\/\/resuelvetucontrato.com\/#organization"},"potentialAction":[{"@type":"SearchAction","target":{"@type":"EntryPoint","urlTemplate":"https:\/\/resuelvetucontrato.com\/?s={search_term_string}"},"query-input":"required name=search_term_string"}],"inLanguage":"es"},{"@type":"Organization","@id":"https:\/\/resuelvetucontrato.com\/#organization","name":"Resuelve tu contrato","url":"https:\/\/resuelvetucontrato.com\/","logo":{"@type":"ImageObject","inLanguage":"es","@id":"https:\/\/resuelvetucontrato.com\/#\/schema\/logo\/image\/","url":"https:\/\/resuelvetucontrato.com\/wp-content\/uploads\/2023\/11\/LOGO-COLORES-1.png","contentUrl":"https:\/\/resuelvetucontrato.com\/wp-content\/uploads\/2023\/11\/LOGO-COLORES-1.png","width":1000,"height":1000,"caption":"Resuelve tu contrato"},"image":{"@id":"https:\/\/resuelvetucontrato.com\/#\/schema\/logo\/image\/"}}]}},"_links":{"self":[{"href":"https:\/\/resuelvetucontrato.com\/index.php\/wp-json\/wp\/v2\/pages\/10","targetHints":{"allow":["GET"]}}],"collection":[{"href":"https:\/\/resuelvetucontrato.com\/index.php\/wp-json\/wp\/v2\/pages"}],"about":[{"href":"https:\/\/resuelvetucontrato.com\/index.php\/wp-json\/wp\/v2\/types\/page"}],"author":[{"embeddable":true,"href":"https:\/\/resuelvetucontrato.com\/index.php\/wp-json\/wp\/v2\/users\/1"}],"replies":[{"embeddable":true,"href":"https:\/\/resuelvetucontrato.com\/index.php\/wp-json\/wp\/v2\/comments?post=10"}],"version-history":[{"count":318,"href":"https:\/\/resuelvetucontrato.com\/index.php\/wp-json\/wp\/v2\/pages\/10\/revisions"}],"predecessor-version":[{"id":622,"href":"https:\/\/resuelvetucontrato.com\/index.php\/wp-json\/wp\/v2\/pages\/10\/revisions\/622"}],"wp:attachment":[{"href":"https:\/\/resuelvetucontrato.com\/index.php\/wp-json\/wp\/v2\/media?parent=10"}],"curies":[{"name":"wp","href":"https:\/\/api.w.org\/{rel}","templated":true}]}}